mposite number?
True
Is 68586/9 - (-58)/174 a prime number?
True
Let s(c) = -209*c + 18. Let p(v) = 4*v**3 - 2*v**2 + 1. Let b be p(1). Let j be ((4 - (0 + b))*-7)/1. Is s(j) a composite number?
False
Suppose 0 = -2*x + 2*y + 76, 32 = x + 41*y - 40*y. Let c(l) = 122*l - 221. Is c(x) prime?
True
Suppose -18*i = -16*i + 8, -3*j = i - 191. Is (0 - 1414)*j/(-130) a composite number?
True
Is 6 + (29 + 429)/((-8)/(-3188)) a composite number?
False
Let l(o) = -11*o**2 - o - 4. Let x be l(4). Let b = 181 + -280. Let c = b - x. Is c a composite number?
True
Is -2 - ((3 - (-8)/(-2)) + 75360/(-4)) a composite number?
False
Let f = 48 - 45. Let u(b) = 114*b**f - 113*b**3 - 5*b**2 + 27*b + 29 - 9*b**2. Is u(13) a prime number?
True
Suppose -2*y + 5*y - 3231 = 2*d, 0 = -2*y - 4*d + 2154. Suppose -2*c = -4 - 0. Suppose c*p - w - 536 = p, -y = -2*p + w. Is p prime?
True
Let o = 360738 + 350225. Is o a composite number?
True
Let a = 236579 - 151092. Is a composite?
False
Let i(a) = -6*a - 63. Let y be i(-11). Is 2934/4 + (30/12 - y) a prime number?
True
Is 28/406 + 4511205/87 a composite number?
False
Let u(t) be the third derivative of 119*t**5/30 - t**4/6 - 7*t**3/6 + 5*t**2 + 4*t. Is u(9) composite?
True
Let l(s) = s**3 - 10*s**2 + 4*s - 5. Let q be l(9). Let f = 61 + q. Is (57266/f)/((-2)/2 + 3) prime?
False
Let q(i) = -5467*i + 49. Let l be q(-7). Let s = l + -10419. Is s prime?
False
Suppose -2*t = -37 + 29. Suppose 0 = t*o - 5*f - 31288, 8290 = 3*o - f - 15165. Is o composite?
False
Let g be (42726/9)/(8/36). Suppose 2*y = 2*h - h + 8544, -5*y = -4*h - g. Is y prime?
True
Let r be (-9)/(-5) - 0 - 12/15. Is -7*(3970/(-35) + r) prime?
True
Let o(a) = 10*a + 55. Let l be o(12). Suppose -l*r + 176*r - 673 = 0. Is r prime?
True
Let p be 10/25*(1 - 0 - 86). Let n = p + 38. Suppose 4*b - 13 = o - 138, n*b + 705 = 5*o. Is o composite?
True
Let g(l) be the first derivative of -l**4/4 + 7*l**3/3 + l**2/2 - 2*l + 161. Suppose 2*u - u = 5. Is g(u) prime?
True
Suppose -4*m + 6*m - 1620 = a, -a + 4*m - 1622 = 0. Is (((-5)/(-10))/(-1))/(1/a) composite?
False
Suppose 6 - 2 = -4*w. Suppose 143*h + 42*h + 425100 = -87720. Is 10/(w + 3) - h composite?
False
Let x(b) be the third derivative of -b**6/120 - 3*b**5/20 - b**4/24 - 11*b**3/6 - 3*b**2. Let w be x(-9). Is 1262/(w/(3 + -4)) a composite number?
False
Let c(y) = 5*y + 10 + 32 + 4 + 2*y**2. Let u be c(-15). Let z = -174 + u. Is z prime?
False
Let z(b) = 19786*b + 971. Is z(50) a composite number?
True
Let q(d) = 2*d**2 - 15*d + 13. Let o be q(16). Suppose -2*x = 4*m + m - 79, 5*m = 5*x - o. Suppose 0 = 4*i - 216 - x. Is i a prime number?
True
Let r(t) = -23615*t + 18687. Is r(-26) a composite number?
False
Let h be (212/(-159))/(-1 + 1603/1605). Suppose 9*z = 4*z + 5*o + h, z = -o + 204. Is z a prime number?
False
Suppose -3*j + 4*o - 4 = 0, 0 = -0*o - o + 4. Suppose j*w = 20, 3*a + 3*w = -0*w + 5742. Is a a composite number?
True
Suppose -2*d - 12*d = -56. Suppose -12448 = -d*t - 4*f, -2*f + 6219 = 2*t - f. Is t composite?
True
Let o = -64901 + 113808. Is o composite?
False
Let q(k) = -8*k**3 - 37*k**2 - 19*k - 13. Is q(-27) a composite number?
True
Let n = 305969 - 192220. Is n a composite number?
False
Suppose 3*r - 4*h = 432851, -4*r - 2*h = -241463 - 335657. Is r prime?
False
Is (72721/(-2) + 1)/((-5)/50) a composite number?
True
Suppose 0*o + 24 = -4*o. Let b = -3 + o. Let g(w) = -111*w + 8. Is g(b) a composite number?
True
Suppose -142*o + 137*o = 0. Suppose -101*w + 104*w - 17943 = o. Is w a prime number?
True
Let v(d) = 33*d + 21. Let m be v(2). Suppose -94*u + 78491 = -m*u. Is u prime?
True
Let x be -6*(12/16)/(9/40). Is 7/((-630)/x) + (-32299)/(-9) a composite number?
True
Let u(j) = 6*j**3 + 0*j**3 - 5*j**3 + 13 + 5*j + 2*j. Is u(6) a prime number?
True
Is -14 + (382482 - -12 - -13) a prime number?
True
Let s(o) = -448*o + 34 + 177*o + 124 - 43 - 231*o. Is s(-6) a composite number?
True
Let l(m) be the second derivative of -18*m**3 + 7*m**2/2 + 103*m - 2. Suppose 4*o - o + 27 = 0. Is l(o) a composite number?
True
Suppose -11*l + 8*l = -6. Suppose -4*a + 4*c + 11096 = 0, -5*a + l*c = 1459 - 15338. Is a composite?
False
Suppose -33*t + 19*t - 11816 = 0. Let d = 45 - t. Is d composite?
True
Let s = 395 + -391. Suppose 0 = -3*o - 2*x + 448, -603 = -6*o + 2*o + 3*x. Suppose -26 + o = s*f. Is f prime?
True
Let f be 772/8 - (-9)/(-6). Let n = f + -93. Suppose 0 = -2*d + 3*d + n*i - 37, -152 = -5*d + i. Is d prime?
True
Let l = -127 + 58. Let m be (40/(-30))/(2/(-222) + 0). Let n = m + l. Is n prime?
True
Suppose 81*j - 12898480 = -35*j + 5047996. Is j a composite number?
True
Let s(f) = 2*f + 14. Let b be 12*(9/12 - (8 - 6)). Let l be s(b). Is 3507 - -2 - l/(-4) prime?
False
Let s(k) = -k**2 + 1. Let m(f) = 20*f**2 + 29*f - 12. Suppose -r + 5*c + 11 = 0, -4*r + 1 = -r + c. Let u(b) = r*s(b) + m(b). Is u(-9) composite?
True
Let x be 0 + (-21474)/(-24) + (-4)/(-16). Is -1*7/((-35)/x) composite?
False
Suppose 0 = -4*r - 2*h + 1264032, 4*r - 1264028 = -9*h + 5*h. Is r a prime number?
False
Let m(v) = -v**3 - 2*v**2 - v + 461. Let d be m(0). Let g = d + -208. Is g composite?
True
Suppose 1424*d - 10240 = 1416*d. Let v = 10 - 5. Suppose q - 2*q + 272 = 3*o, o + d = v*q. Is q composite?
False
Let h be -5 - (-8913)/(-1 - 25/(-20)). Suppose -29*k + h = -6954. Is k a prime number?
False
Suppose -2*k = n + 6, -4*k = -5*n - 0*k + 40. Suppose 2*j = -4, j + 3*j = -n*b + 8. Suppose -b*d + 8*d - 5372 = 0. Is d a composite number?
True
Let y(b) be the second derivative of b**4 - 4*b**3/3 + 13*b**2/2 + 2*b. Let i be y(-7). Suppose -15 = -3*o, -i - 298 = -4*x - 3*o. Is x a prime number?
False
Suppose 42*j = 18*j + 15793320. Is j a composite number?
True
Let h = 11 - 4. Let c be h/(-3) + (-6)/9. Is (0 + 614/c)/(2/(-33)) composite?
True
Is (-10)/(-20)*2*58983 a prime number?
False
Let q = 83195 + -8704. Is q composite?
True
Suppose 5*y = -5*r - 15, 7 - 1 = y - 2*r. Let z = y - -4. Suppose -2*c = -4*n + 6064 - 1242, z*c + 6035 = 5*n. Is n composite?
True
Let v(f) be the third derivative of -7*f**4/12 - 5*f**3/6 - 83*f**2. Is v(-5) a composite number?
True
Suppose -3*k - 12965 + 330431 = 0. Suppose -2*i = i - k. Suppose 21*m = 27*m - i. Is m a prime number?
True
Suppose 1021193 + 1566136 = 27*k. Is k prime?
False
Is -5*-4869498*(-6)/(-180) a prime number?
True
Let b = -354 - -236. Let z = 121 + b. Suppose -2*w = c - 2952, 0 = -z*c - 0*c - 6. Is w a prime number?
False
Let m(c) = 3*c**2 + 31*c + 1773. Is m(53) composite?
True
Let z be (7 - 1)/((-18)/(-24)). Let f(u) = -5 + 7*u - 5*u + 72*u**2 + z - u. Is f(2) a composite number?
False
Suppose -16 = -4*n, 0 = 2*u + 3*n - 6*n - 29466. Let t = -7118 + u. Is t prime?
True
Suppose 55*q = 57*q + 8792. Let a = q - -7569. Is a prime?
False
Let y = 142947 + -90772. Suppose -3*b + y = 2*b - 3*i, -5*i - 41740 = -4*b. Is b a prime number?
False
Let p be 522/203 - (4/7 + 0). Suppose -p*b - 480 = -2*f - 3*b, f - 4*b = 231. Is f composite?
False
Let j(v) = -4*v**2 + 4*v + 4. Let n(o) = 3*o**2 - 4*o - 3. Let c(u) = -2*j(u) - 3*n(u). Let s be c(2). Suppose -s*p + 415 = -640. Is p composite?
False
Let k(s) = 3686*s**2 - 55*s + 170. Is k(3) a prime number?
True
Is (1*(-1)/5)/(5*7/(-4522175)) composite?
False
Suppose 0 = -2*p + 832 - 1026. Let b = 5766 + p. Is b prime?
True
Let c be (231/(-9))/((-2)/(-2082)). Let l = -12546 - c. Is l prime?
True
Let b = 11369 - 4660. Is b prime?
True
Let j be (-1)/2*8/4 + -7422. Is (-68)/1*(-2)/((-104)/j) composite?
True
Let o be (105/(-60))/(1/(-4)). Suppose o*h = 5*h + 6, -h + 12709 = 2*f. Is f a composite number?
False
Let m(t) = -t + 5. Let b be m(3). Suppose -b*q - 8 = 4*w, 4*q - 10 = -q - 4*w. Suppose 11461 = 3*g + y, -8*y - q = -5*y. Is g a composite number?
False
Is 487/((-2)/(-620)*10) composite?
True
Let k = -22687 + 38814. Is k composite?
False
Let t = 136 + -142. Is 1262 + (3 - 4 - t/(-3)) a composite number?
False
Let r(p) = 14*p + 72. Let m be r(-5). Suppose d = -3, 1573 = m*c - 3*d + 398. Is c composite?
True
Let l = 110 + -58. Suppose 47*b - l*b + 32980 = 0. Suppose 11*f - 15*f = -b. Is f a composite number?
True
Let p = 56097 + -34609. Let k = -11331 + p. Is k a prime number?
False
Let o(w) = 4961*w**2 - 240*w + 965. Is o(4) prime?
False
Suppose 5*o 